culate the greatest common factor of 1806414 and 222.
222
Calculate the greatest common divisor of 707 and 9.
1
Calculate the greatest common factor of 515296 and 32.
32
Calculate the greatest common factor of 1444 and 137902.
722
What is the greatest common factor of 752 and 140436?
188
What is the highest common divisor of 6696 and 6264?
216
Calculate the highest common divisor of 3260 and 36838.
326
What is the highest common factor of 1515332 and 728?
364
Calculate the greatest common divisor of 224 and 721.
7
What is the greatest common factor of 72864 and 345?
69
Calculate the highest common factor of 8268 and 741.
39
Calculate the greatest common divisor of 122245 and 115.
115
What is the greatest common factor of 348 and 120234?
174
Calculate the greatest common divisor of 145462 and 1698.
566
Calculate the highest common divisor of 80 and 39480.
40
What is the greatest common factor of 66 and 6952?
22
Calculate the greatest common divisor of 19053528 and 104.
104
Calculate the highest common factor of 1732029 and 26.
13
What is the greatest common divisor of 175 and 450?
25
What is the greatest common factor of 349576 and 296?
296
What is the greatest common divisor of 112 and 55048?
56
Calculate the greatest common factor of 995268 and 96.
12
Calculate the highest common factor of 768 and 876.
12
Calculate the highest common factor of 284 and 2382476.
284
What is the highest common divisor of 10556 and 43036?
812
What is the greatest common factor of 10 and 589495?
5
What is the highest common divisor of 36416 and 64?
64
What is the greatest common divisor of 542944 and 564?
188
Calculate the greatest common factor of 19200 and 160400.
400
Calculate the greatest common divisor of 7 and 1009141.
7
Calculate the greatest common divisor of 1737 and 290658.
579
Calculate the greatest common factor of 4352 and 1280.
256
Calculate the highest common divisor of 7664 and 176.
16
Calculate the greatest common factor of 663 and 351.
39
What is the highest common factor of 92 and 1863?
23
What is the greatest common factor of 12000 and 10020?
60
What is the highest common divisor of 4095 and 2255?
5
What is the highest common divisor of 360 and 27320?
40
What is the highest common divisor of 210 and 276920?
70
What is the highest common factor of 20852 and 1079492?
1604
Calculate the greatest common factor of 14587 and 1044.
29
What is the highest common divisor of 4724 and 227933?
1181
Calculate the greatest common factor of 417 and 489.
3
What is the greatest common divisor of 48 and 3928?
8
What is the greatest common factor of 36542 and 59494?
302
What is the highest common divisor of 79360 and 240?
80
Calculate the greatest common factor of 2 and 25106.
2
Calculate the highest common factor of 16743 and 366.
3
What is the greatest common factor of 16112 and 107749?
1007
What is the greatest common divisor of 8 and 84982?
2
Calculate the greatest common divisor of 6714061 and 597.
199
What is the highest common divisor of 2299 and 2849?
11
Calculate the greatest common factor of 3340 and 60.
20
What is the highest common divisor of 160218 and 2752?
86
What is the greatest common divisor of 481 and 18019?
37
Calculate the greatest common factor of 840 and 229936.
56
What is the highest common factor of 30 and 14290?
10
Calculate the greatest common factor of 4320 and 1008288.
864
Calculate the greatest common factor of 396 and 72644.
44
What is the highest common divisor of 118617 and 57?
57
What is the greatest common factor of 90944 and 6032?
464
What is the greatest common factor of 273610 and 10?
10
What is the greatest common factor of 15554 and 1078?
154
What is the greatest common divisor of 33 and 91520?
11
Calculate the highest common divisor of 2529 and 225.
9
What is the greatest common divisor of 16222 and 14?
2
What is the highest common divisor of 30337 and 322?
23
Calculate the highest common factor of 51910 and 2030.
290
What is the greatest common factor of 725 and 622050?
725
Calculate the highest common factor of 3900 and 2775.
75
What is the highest common factor of 241472 and 880?
176
Calculate the highest common divisor of 45908 and 92.
92
Calculate the highest common factor of 33 and 2006994.
33
What is the highest common divisor of 12046 and 7030?
38
Calculate the greatest common divisor of 1480 and 3478.
74
What is the greatest common factor of 229 and 2081381?
229
What is the greatest common factor of 710 and 1500?
10
What is the highest common factor of 29109 and 186?
93
Calculate the highest common factor of 873 and 859517.
97
What is the greatest common divisor of 1005 and 383575?
335
Calculate the highest common factor of 364 and 22828.
52
What is the highest common divisor of 21 and 88725?
21
Calculate the greatest common factor of 9582 and 2046.
6
What is the highest common divisor of 1084 and 233060?
1084
What is the greatest common factor of 52990 and 45?
5
Calculate the highest common divisor of 919200 and 240.
240
What is the greatest common divisor of 187154 and 282?
94
What is the greatest common factor of 40412 and 76?
4
Calculate the greatest common divisor of 9156 and 3431211.
2289
Calculate the greatest common factor of 996786 and 162.
162
Calculate the greatest common factor of 1676370 and 60.
30
What is the highest common factor of 323 and 26695?
19
Calculate the greatest common divisor of 1435 and 242105.
205
Calculate the highest common factor of 54215 and 245.
35
What is the highest common factor of 17868976 and 8?
8
What is the greatest common divisor of 170280 and 440?
440
What is the greatest common factor of 1848 and 132000?
264
What is the highest common divisor of 995375 and 475?
25
Calculate the highest common factor of 106450 and 2275.
25
What is the greatest common divisor of 8700 and 4185?
15
Calculate the greatest common divisor of 20003 and 83.
83
Calculate the greatest common factor of 12047 and 21.
7
What is the greatest common factor of 345 and 735?
15
What is the greatest common divisor of 5249 and 667?
29
Calculate the greatest common factor of 26502 and 504.
42
Calculate the highest common divisor of 1100 and 27775.
275
What is the greatest common divisor of 259759 and 134?
67
Calculate the greatest common factor of 835197 and 297.
33
Calculate the greatest common factor of 291990 and 60.
30
What is the greatest common factor of 45 and 495378?
9
Calculate the greatest common factor of 4996335 and 45.
15
What is the highest common divisor of 343 and 1708140?
343
What is the greatest common factor of 544 and 850?
34
Calculate the greatest common factor of 132055 and 1925.
385
What is the greatest common factor of 322293 and 318?
159
Calculate the highest common factor of 858 and 214786.
286
Calculate the greatest common divisor of 5057 and 299.
13
What is the highest common divisor of 618936 and 148?
148
Calculate the greatest common divisor of 111055 and 20875.
835
What is the greatest common factor of 41144 and 32?
8
What is the highest common factor of 1222 and 1556734?
94
Calculate the highest common divisor of 348 and 9984.
12
What is the highest common factor of 176020 and 260?
260
Calculate the greatest common divisor of 10248001 and 74.
37
What is the greatest common divisor of 927 and 163976?
103
What is the highest common divisor of 256 and 369536?
128
Calculate the greatest common divisor of 7303 and 871.
67
Calculate the highest common factor of 1982520 and 108.
36
Calculate the greatest common divisor of 51288 and 24.
24
What is the greatest common factor of 975 and 1420?
5
What is the highest common divisor of 2406996 and 228?
228
Calculate the greatest common divisor of 1100 and 21300.
100
What is the greatest common divisor of 8 and 282488?
8
What is the highest common factor of 1216 and 24776?
152
Calculate the greatest common divisor of 63 and 7231.
7
What is the highest common factor of 58 and 309082?
58
What is the highest common divisor of 906521 and 7259?
427
Calculate the greatest common factor of 72870 and 210.
210
Calculate the greatest common factor of 1443320 and 32.
8
What is the highest common factor of 14 and 26957?
7
What is the highest common divisor of 145 and 97498?
29
Calculate the greatest common divisor of 64432 and 32.
16
What is the hig